) - m(w). Let d(x) = -x**3 + 5*x**2 + 5*x - 4. Let a be d(5). Suppose 5*r = -v + a, 0*v - 2*r + 12 = 4*v. Give k(v).
0
Let q be (-8)/(-3)*9*13/78. Suppose -6*c + 2*f - 2 = -2*c, -25 = -5*f. Let t(r) = r**c - 3 - 2*r + 0*r**2 + 0*r**2. Determine t(q).
5
Let q(o) be the first derivative of -41/2*o**2 - 4/3*o**3 + 0*o + 24 + 1/12*o**4. Let g(k) be the second derivative of q(k). Determine g(7).
6
Let p(s) be the third derivative of -s**8/6720 - s**7/280 - 11*s**5/120 + 29*s**4/24 + 7*s**2 - 6*s. Let x(v) be the second derivative of p(v). Calculate x(-9).
-11
Let f(b) be the third derivative of b**5/12 + b**4/3 - 4*b**3/3 - 2086*b**2. Determine f(1).
5
Let u(q) = -2*q - 1. Let l(k) = -13*k - 36. Let a(b) = l(b) - 6*u(b). Let f be a(-27). Let w(y) = 9*y + 3. Determine w(f).
-24
Let d be 2/16 - (-5)/(-40)*1. Suppose -5*z - 36 = 14*k - 18*k, 5*k + z - 16 = d. Let i(f) = f - 2 - 2 + 7*f. Give i(k).
28
Suppose 10*f - 42 = 18. Let j be (-28)/f - (-25)/((-525)/(-14)). Let n(u) = u**2 + 6*u + 2. Determine n(j).
-6
Let v(m) be the second derivative of -m**7/2520 - m**6/120 + m**5/30 - 247*m**4/12 + m**3/6 - 173*m. Let j(p) be the third derivative of v(p). What is j(-6)?
4
Let u(k) = k - 1. Let n(x) = 6*x - 8. Let a(j) = -n(j) + 4*u(j). Let g(w) = w**3 + 11*w**2 - 3*w - 27. Let s be g(-11). What is a(s)?
-8
Let u(k) be the third derivative of k**5/60 + k**4/2 + 22*k**3/3 + 2023*k**2. Calculate u(-6).
8
Suppose -2*b + 75 = k, -13*k + 3*b = -16*k + 219. Let u(c) = -1 - 34*c**2 + c + k*c**2 - 36*c**2. What is u(-4)?
11
Let z(c) = -7 - 26 + c**2 + 41 + 0 - 11*c. Let t = 22 + -14. What is z(t)?
-16
Let q(d) = -d**3 - 10*d**2 - 21*d + 8. Let i be q(-8). Let h = 50 - i. Let z(k) = k**3 - 4*k**2. What is z(h)?
-8
Let n(o) = -o**3 - 6*o**2 - 9*o - 2. Suppose 0 = 2*t + 103*l - 108*l + 32, -32 = 4*t - 2*l. Determine n(t).
52
Let t(m) = -m**2 - 2*m + 13. Suppose 6 = -290*x + 288*x - d, -3*d + 12 = 0. What is t(x)?
-2
Let z(t) = 10*t - 16. Let k(l) = 3*l**3 + 4*l**2 - 6*l + 10. Let s be k(0). Calculate z(s).
84
Suppose 2*y + 3 + 1 = 0. Let z(l) be the first derivative of l**3 + 2*l + 4953. Calculate z(y).
14
Let z be (0 + (-1)/(-2))/(((-8)/(-4))/(-8)). Let n(c) = -2*c**2 - c. Give n(z).
-6
Let z(o) = -o**3 + 22*o**2 + 23*o - 17. Suppose -29*i - 189 + 856 = 0. Give z(i).
-17
Let u(o) = o**3 - 5*o**2 - 6. Suppose 0 = -4*m + 2 + 18. Suppose 0 = -m*y + 15, x = -2*x + 2*y. Let l be 10/(-8)*(-2 - x). Calculate u(l).
-6
Let j(u) = 3*u**3 + 34*u**2 + u - 118. Let i be j(-11). Let w = 10 - 21. Let h = i - w. Let s(t) = -t**3 + 3*t**2 + 2*t. What is s(h)?
6
Let c(t) = -36*t + 226. Let q be 272/44 + 0 - (-12)/(-66). Give c(q).
10
Let f(x) = x + 3. Let p(t) = -1. Let d(i) = -4. Let c(h) = -6*d(h) + 28*p(h). Let k(s) = -3*c(s) - 4*f(s). Suppose 11 - 16 = -5*m. What is k(m)?
-4
Let b(d) = 100*d + 4*d**3 - d**2 + 54*d - 156*d + 2. Suppose -18 + 14 = -2*f. Give b(f).
26
Let y(x) be the third derivative of 1/120*x**6 + 1/2*x**3 - 3*x**2 + 1/60*x**5 + 27 + 1/12*x**4 + 0*x. Calculate y(-2).
-5
Let q = 11959 + -11967. Let w(p) = 7*p**2 + 8*p - 6. Let r(m) = 13*m**2 + 16*m - 12. Let z(k) = 6*r(k) - 11*w(k). Calculate z(q).
-6
Let v(q) = -12*q**3 - 83*q**2 + 9*q - 191. Let k(t) = 7*t**3 + 43*t**2 - 6*t + 96. Let o(z) = 5*k(z) + 3*v(z). Give o(-34).
9
Let c(s) = 7*s + 11. Let v be c(3). Let w(i) = -67 + 30 - 3*i**2 + v - i**2 - 6*i + i**3. Calculate w(5).
-10
Let t(i) = -15 - 8*i**2 - 1 - 10*i + 9*i - i**3. Suppose 2665*v - 2691*v = 208. Give t(v).
-8
Let m(f) = -15*f**3 - 7*f**2 - 22*f - 15. Let q be m(-1). Let z(r) = r + 13. Give z(q).
28
Let d(h) = -h**2 + 13*h - 3. Let c be d(13). Let i(o) = -9*o**3 + 4*o**2 + 3*o - 2. Let a(f) = 5*f**3 - 1. Let t(k) = -2*a(k) - i(k). Determine t(c).
4
Let l = -650 + 652. Let x(i) = l*i**2 - i**2 + 2 - 90488*i + 90476*i. Give x(11).
-9
Let g(i) = -9*i + 166. Let l(h) = -70*h - 4531. Let r be l(-65). Determine g(r).
-5
Let d(h) = h. Let v(u) = -u**3 - u**2 - u. Let t(l) = 5*l**3 - l**2 + 3*l + 6. Let k(r) = t(r) + 6*v(r). Let s(c) = 3*d(c) - k(c). What is s(-6)?
-6
Let u(q) = q**2 + 10*q + 4. Let t be ((-2)/5)/(5*(-12)/(-1200)). What is u(t)?
-12
Let n(j) = 8*j**2 - j. Let b(p) = 44 - p - 22 - p**2 - 21 + 3*p. Let z be b(0). Calculate n(z).
7
Let q(v) be the second derivative of -v**5/20 - 2*v**4/3 - 7*v**3/6 - 4*v**2 + 13*v - 33. Calculate q(-8).
48
Suppose 4*r + 57 - 49 = 0. Let m be 5 + (-1 - 1*(r + 4)). Let p(x) = x + 1. Let u(o) = o. Let n(c) = p(c) + 2*u(c). Calculate n(m).
7
Suppose -3*f + 51 = -3*i + 81, -4*i = -i. Let c(g) = g**2 + 7*g - 52. What is c(f)?
-22
Let q be 3 - 4/(-20)*0. Suppose -5 = -b - q. Let d(n) = -3*n + 0*n + 2*n + b*n + 2. What is d(-5)?
-3
Let p(k) = -k**3 + 22*k**2 + 23*k. Let h be p(23). Let o(z) = 2*z**2 + h*z**2 + z - 1123*z**3 + 1116*z**3. Let x = 16 + -17. Give o(x).
8
Let y(h) be the first derivative of -7*h**3/3 - 19*h**2/2 - 20*h - 3203. Give y(-1).
-8
Let v be (-6)/24*-4*2. Suppose 2*p - v*h + 6*h = 12, 3*p - 8 = -h. Let r(y) = -8*y - 1. What is r(p)?
-17
Let t(c) = c**3 + 9*c**2 - 10*c - 25. Let h be (-4 - 96/(-20))/(((-6)/(-25))/(-3)). Determine t(h).
-25
Let s(t) = -2*t + 3*t + 2*t + 5*t + 133 - 56. Calculate s(-10).
-3
Let x(i) be the first derivative of -i**4/4 - 7*i**3/3 + 3*i**2/2 + 5*i + 11. Let n be x(-7). Let k = 22 + n. Let t(p) = -p + 5. Determine t(k).
-1
Let w = -42 + 40. Let i(f) be the third derivative of f**6/80 + f**5/120 - f**4/6 - 20*f**2. Let p(y) be the second derivative of i(y). Give p(w).
-17
Let y = -13 + 15. Suppose y*w + 8 = -m - 7, -w = -4*m - 6. Let u(p) = 4*p + 12. Let v(d) = -7*d - 24. Let h(f) = -5*u(f) - 3*v(f). Determine h(w).
6
Let z(n) = -2*n**3 - 10*n**2 + 16*n + 23. Let k(m) = -m**3 - 5*m**2 + 8*m + 12. Let g(j) = 11*k(j) - 6*z(j). Let d = 4022 + -4028. Give g(d).
6
Let v(o) = 3*o - 4. Let d = 7435 - 7434. Determine v(d).
-1
Let i(g) = -g**3 + 3*g**2 - 4. Suppose 20*z = 17*z + 12. Suppose -6*w + 20 = -z. Determine i(w).
-20
Let y(c) be the first derivative of c**4/4 + c**3/3 + c**2/2 + c + 1174. Determine y(-1).
0
Let q(a) = 947*a + 22730. Let h be q(-24). Let t(u) be the third derivative of u**5/20 + u**4/12 - u**3/2 - u**2. Calculate t(h).
13
Let v(b) be the third derivative of b**6/120 - 7*b**5/20 - b**3 - 3*b**2 + 46*b. Calculate v(21).
-6
Let r = 17 + -10. Let y(p) = -76*p + 10. Let a(i) = 91*i - 11. Let q(h) = -5*a(h) - 6*y(h). Give q(r).
2
Let y(h) be the third derivative of h**6/360 - h**5/120 - h**4/24 + 40*h**3/3 + 155*h**2. Let b(j) be the first derivative of y(j). Give b(-6).
41
Let p = -3307 + 3309. Let z(j) be the third derivative of -2/3*j**3 - 1/24*j**4 + 23*j**p + 0 + 0*j. Calculate z(-7).
3
Suppose 0 = -30*c + 33*c - 30. Suppose 0 = -3*a - 2*a + c. Let z(r) = -106*r + 48*r - r**a + 51*r + 3. Determine z(-6).
9
Let k(u) = -u**2 - 7*u - 37. Let q(z) = z + 1. Let p(m) = k(m) - 5*q(m). Let a(v) be the first derivative of p(v). Determine a(-5).
-2
Let w(s) = s**3 - 4*s + 2*s - 3 - 4*s**2 + 1. Let u = -7403 + 7407. Determine w(u).
-10
Suppose -23*s + 8*s = -30. Suppose 2*x - s*o + 14 = 6*x, 0 = -2*x + 3*o - 5. Let c(b) = 2*b**2 - 3*b. Give c(x).
2
Suppose 7 = 3*g - 4*p, 165*g - 166*g + 4*p = -13. Let y(h) = -h**3 - 5*h**2 - 5*h - 5. Calculate y(g).
-8
Let k(m) be the first derivative of -218 + 1/2*m**2 + 8*m. Calculate k(13).
21
Let j = 1141 + -1135. Suppose 4*c + 30 = s, -5*s = 4*c - 2*c + 26. Let m be (-1 - (-14)/j)/(c/(-30)). Let d(o) = -o**3 + 6*o**2 - 4*o - 1. Give d(m).
4
Let b(r) = 2*r**3 - r**2 - r - 2. Let i be b(2). Let q = -85 - -100. Let x(a) = q*a - 36*a + 14*a - 5 + a**2. Calculate x(i).
3
Let g(r) = r**2 - 5*r - 46. Let v be g(10). Suppose -v*d + 3*d + 5 = 0, d = -4*b + 5. Let t(k) = k**3 - 32. Calculate t(b).
-32
Let s(t) = -t**2 + 2*t**2 - 2*t**2 + 2*t**2 - 2*t**2 - 5*t - 5. Let w be 2 - (-3 + 2) - 8. Determine s(w).
-5
Let f(v) be the first derivative of 4*v**3/3 + 17*v**2/2 + 11*v + 2899. Give f(-5).
26
Let h = -971 - -600. Let j = h - -361. Let z(v) be the third derivative of -v**5/60 - 3*v**4/8 + 13*v**3/6 + v**2. Determine z(j).
3
Let d(y) = 7*y - 455 + 911 - 444 - 8*y**2. Let k(l) = 13*l**2 - 15*l - 23. Let w(q) = -5*d(q) - 3*k(q). What is w(-7)?
-12
Let d(l) = -5 - 57*l + 58*l - 3 + 0. What is d(15)?
7
Let b(g) = -3*g**2 + 35*g**3 - 14*g**3 